e units digit of l?
6
Let t(a) = -a**3 + 14*a**2 - 25*a + 181. What is the units digit of t(13)?
5
Let n = -21 + 11. Let v = n + 13. Let j = 4 + v. What is the units digit of j?
7
Suppose -11*z + 2173 + 2799 = 0. What is the units digit of z?
2
Suppose 0 = 5*w - 5*r, -4*w - 5*r + 26 = 8. Let y = 148 - 127. What is the units digit of y - w - (-2 - -6)?
5
Suppose -64 = -i - 15*i. Suppose -5*y + 173 = q + q, -i = -q. What is the tens digit of y?
3
What is the tens digit of (116/(-6))/(2/(-45))?
3
Let x = 16 + -18. Let m be (-24)/x*36/54. What is the tens digit of 0/3 - m*-2?
1
What is the tens digit of (-91)/(-49) - (-2)/14 - -528?
3
Let r(i) = -i**3 - 8*i**2 - 11*i - 9. Let h be r(-6). Suppose 4*p - l + 250 = 0, p + l + 44 + 21 = 0. What is the tens digit of (-6)/h + p/(-5)?
1
Let g = -1 + 9. Suppose -4*f - 118 = -3*q, -2*q + g = -f - 79. Suppose m + m - q = 0. What is the units digit of m?
3
Let x = 441 + 456. What is the tens digit of x?
9
Let w be (0 - 7/(-9)) + (-22)/(-99). Let p(t) = 121*t**2 - 3*t + 1. What is the tens digit of p(w)?
1
Let t = -2 + 22. What is the hundreds digit of (-855)/6*t/(-15)?
1
Suppose -3*c = -22 - 326. Suppose -3*v + 359 = -m, -v + 7*m - 3*m = -c. What is the tens digit of v?
2
Suppose -15*d = -17*d - 52. What is the units digit of 7/3 + d/(-39)?
3
Let b(i) = -18*i**3 - 3*i**2 - 2*i - 2. Let j be b(-2). Suppose j*f - 130*f = 596. What is the hundreds digit of f?
1
Let m = -32 - -37. Suppose -b = x - 3*b - 91, 0 = 3*x + m*b - 284. What is the units digit of x?
3
Let f be 337/(-2)*(-2 + 0). Let t = f + -202. What is the hundreds digit of t?
1
Let h = -67 - -130. Suppose -h - 117 = -2*j. What is the units digit of j?
0
Let l = -16 - -20. Suppose l*b - 4*h - 480 = 0, 3*b + b = -2*h + 504. What is the tens digit of b?
2
Suppose 2038 = 2*d - 3*t, 4*t - 4032 = -4*d - t. What is the tens digit of d?
1
Let x be 9/6 + 2/4. Suppose l + 6*j - 3*j - 12 = 0, 0 = 5*l - x*j + 8. Suppose 139 = 3*v + z - 2*z, -4*z - 16 = l. What is the tens digit of v?
4
Let k = -250 + 433. What is the tens digit of k?
8
Let q = -316 - -527. Suppose -10*o + q = -399. What is the units digit of o?
1
Let v(s) = 2 + 2*s + 4 + 2. Let n be v(-6). What is the tens digit of 54/(-4)*n/3?
1
Suppose 1641 = 2*i - 5*z, -4*z = 2*i - 1331 - 337. What is the tens digit of i?
2
Suppose -q - 816 = -5*q. Let f = q + -127. What is the tens digit of f?
7
Let n = 11 - 11. Suppose 0 = 3*j - j, n = -2*k + 5*j + 10. Suppose -d + k*b + 3 = -2, -3*b - 37 = -4*d. What is the tens digit of d?
1
Let v be (-2)/(3 - 1)*6. What is the tens digit of v + 4 + 25 + -2?
2
Let p(x) = -5*x**3 + 2*x**2 + x + 4. Let u be p(-2). What is the hundreds digit of (20/u)/((-2)/(-620))?
1
Let r = 114 - 111. Suppose -4*o + 32 = 4*w, -o - 4*o + 16 = r*w. What is the units digit of w?
2
Let p(d) = 3*d**3 + 10*d**2 + 4*d + 8. Let b(v) = 13*v**3 + 40*v**2 + 16*v + 32. Let y(m) = -2*b(m) + 9*p(m). What is the units digit of y(-9)?
3
Let a = -46 - -64. Suppose -a = -i + 37. What is the units digit of i?
5
Let u(m) = -1 + m**3 + 4*m**2 + 0*m**3 + 0*m + 3*m. Let a be u(-3). What is the tens digit of (-7)/((-2)/(-4)*a)?
1
Let p = -449 + 3931. What is the thousands digit of p?
3
Let k(w) = -w + 215. What is the units digit of k(-41)?
6
Let q(y) be the first derivative of y**6/90 - y**5/40 - y**4/24 + y**3/3 + 1. Let r(t) be the third derivative of q(t). What is the tens digit of r(-3)?
4
Suppose 5*g + 4483 = 4*z, -20*z - 5614 = -25*z - 4*g. What is the hundreds digit of z?
1
Suppose 0 = 7*p - 6557 + 1566. What is the tens digit of p?
1
Let j = -61 - -85. Let d = j + -17. Let n = 14 - d. What is the units digit of n?
7
Let o = 22 + -33. Let g = 11 + o. What is the units digit of (6 - g)*(-92)/(-12)?
6
Let f(z) = -z**3 + 7*z**2 + 11*z - 10. Let n be f(8). Let r be (-6)/12 + n/4. What is the units digit of (r/6)/(2/160)?
0
Suppose n = 4*a + 36 + 694, 0 = -2*n - 3*a + 1416. What is the tens digit of n?
1
Suppose 2*v - 80 = -2*v. Let b be ((-3)/((-105)/(-56)))/(4/30). Let x = b + v. What is the units digit of x?
8
Suppose 5*p = -w + 30, -5*w + 40 = 3*p - 0. Let n = -5 + 8. Suppose 0 = -4*j + p*j - n*g - 1, -14 = -2*j + 2*g. What is the tens digit of j?
1
What is the hundreds digit of 3/24 + ((-21669)/(-24) - 4)?
8
What is the units digit of (-7)/((-42)/1326) + 3?
4
Suppose 6*b + 19 = 7. What is the units digit of b*(1 - 7/2)?
5
Let h(i) = 2*i**2 - 8*i - 45. Let w(z) = -z**2 + 1. Let o(g) = -h(g) - 5*w(g). What is the tens digit of o(-6)?
0
What is the tens digit of 6/(-42) + (-7786)/(-14) - -4?
6
Let x be (-2 - (-6)/21)/((-12)/42). What is the units digit of ((-40)/4)/((-5)/(15/x))?
5
Suppose 0 = v - 2*u + 4, -v - 5*u + 24 - 7 = 0. Suppose 0 = v*r - 20 - 16. Suppose 6 = -z + r. What is the units digit of z?
2
Suppose -5*f = -0*f - 30. Let q be f/(-6)*0/(-1). Suppose -z + 0*y + 23 = -2*y, y + 2 = q. What is the tens digit of z?
1
Suppose -2*c + j + 30 = -j, -5*j = 4*c - 33. Let z be (52/c - 0)*-3. Let p(l) = l**2 + 14*l + 17. What is the units digit of p(z)?
4
Let a(f) = 13 + 5*f**2 - 2*f**2 + 7*f**2 + f**3 - 2*f**2 + 5*f. What is the tens digit of a(-7)?
2
What is the units digit of -3 + 2 + (-102)/34 - -1599?
5
Let j = -178 + 612. Suppose 13*k = j + 1503. What is the units digit of k?
9
Let f be 2*(-1)/2 - -76. Suppose 11*j = 7*j + 140. Suppose f = 3*u + 4*b, b + 26 = 2*u - j. What is the units digit of u?
9
Suppose -5*b + 1685 = -n - 583, -8 = -4*n. What is the tens digit of b?
5
Let f(u) = -u**2 + 21*u - 29. Let b be f(19). Suppose -368 = -b*q + 208. What is the units digit of q?
4
Suppose -2*n = -p - 722, -5*p = -3*n - 4*p + 1084. Suppose -2*j + 79 = q, -5*q + 3*j - 19 + n = 0. What is the units digit of q?
1
Suppose 5*b - 783 = 12*x - 14*x, 3*b - 789 = -2*x. What is the hundreds digit of x?
3
Let o be 9 + -8 + (18 - -1). Let l be o - 6/9*3. Suppose -l = c - 2*c. What is the units digit of c?
8
Let q = 17 + -27. Let d(t) = -27*t + 1. Let b be d(1). Let x = q - b. What is the tens digit of x?
1
Suppose -23 = -4*d + 1. Let w(s) = s**3 - 8*s**2 + 6*s + 14. Let j be w(d). What is the units digit of 5/20 - j/8?
3
Suppose 3*p = -n + 47, 0 = -n - p + 55. Let i be 0 + 3/(9/294). Suppose n = 2*j + w, -i = -5*j + j + 2*w. What is the tens digit of j?
2
Suppose q + 2 + 1 = 0. Let n be 0 + (6*-4)/q. Suppose 25 = j + n. What is the tens digit of j?
1
Suppose 5*b + 5 = 5*z, 3*b - z = -2*z - 15. What is the tens digit of b/(-10) + 696/10?
7
Suppose 5 = 5*n - 25. Suppose -6*v + v + 4*g + 16 = 0, 2*g + n = 2*v. What is the units digit of 1/(v*(-1)/(-12))?
3
Let l(v) = 13*v. Let o be l(3). Let i = o - 17. What is the tens digit of i?
2
What is the units digit of 260*(-2 + 4) - 0?
0
Suppose 32*i = 12*i + 31980. What is the hundreds digit of i?
5
Suppose 3*b - 5 = -5*x - 221, x + 3 = 0. Let f = b + 104. What is the units digit of f?
7
Suppose -32 + 211 = -2*r - 5*t, 3*r - t = -243. Let z = 136 + r. What is the tens digit of z?
5
What is the thousands digit of (0 - 1*422)/(162/(-1701))?
4
Let o(y) = -117*y**3 - 7*y**2 - 2*y + 1. What is the tens digit of o(-2)?
1
Let f = -91 + 99. Suppose -f*c = -1215 + 71. What is the hundreds digit of c?
1
Suppose 23*j = -4*i + 21*j + 992, 0 = -4*i - 3*j + 988. What is the hundreds digit of i?
2
Let c(f) = 6*f**2 - 13*f - 14. What is the tens digit of c(5)?
7
Suppose -15 = 6*z - z, -3*k - 1044 = 2*z. Let a = 581 + k. What is the units digit of a?
5
What is the units digit of -6*(2/(-5) + 982/(-20))?
7
Let m(k) = 10*k**2 - 3*k**2 + 5*k**2 - 9*k**3 + 8*k**3 + 16. What is the units digit of m(12)?
6
Let y be 2/(-6) - 395/(-15). Let p = y - -3. What is the units digit of p?
9
Let g(o) = -5*o - 41. Let u(x) = -x - 4. Let y(a) = 1. Let h(b) = -3*u(b) + 15*y(b). Let k(s) = 5*g(s) + 8*h(s). What is the units digit of k(-9)?
0
What is the units digit of (1723 - 9)/((-2)/(-2))?
4
Suppose -3*v + 1251 = -3*x + x, 0 = 2*x + 2*v + 1266. What is the tens digit of x/(-8) - (4 - 51/12)?
7
Let i = -118 + 123. Let t(z) = 8*z**2 - 7*z + 28. What is the tens digit of t(i)?
9
Suppose 54 + 258 = -2*a. What is the tens digit of (a + 0)*8/(-24)?
5
Let z(g) = g**3 - g**2 - 2*g - 2. Let a be 7/(-4) + 8/(-32). Let f be z(a). Let q = 50 + f. What is the tens digit of q?
4
Let q(b) = b**3 - 12*b**2 - 14*b + 10. Let f b